21*t + 33*t - 24 = 0. Suppose 2*l + 0*l + t*o - 6 = 0, l + 4*o = 0. Let j(h) = -h**2 + 4*h + 2. Give j(l).
2
Let k(p) = 25*p**2 + 1 + 13*p - 24*p**2 - 33*p. Determine k(8).
-95
Suppose 0 = 114*s - 66*s - 288. Let l(t) = t**3 - 3*t**2 - 15*t + 8. Determine l(s).
26
Let x be 7*(40/(-18) - ((-52)/18)/13). Let f(a) = -a**3 - 16*a**2 - 31*a - 27. What is f(x)?
15
Let a(g) = g**3 + 4*g**2 - 4. Let c be (-2 + -1 + 4)*(-4 - -6). Suppose -c*j + 70 = 4. Suppose -z = -j + 36. Calculate a(z).
5
Let s(h) = -h**3 - 2*h**2 + 3*h. Let a be s(-3). Suppose -3*i + a*i = -3. Let u(b) = -1 - 33*b**3 + 3380*b**2 + 21*b**3 - 3382*b**2 + 2*b + 0*b. Give u(i).
-13
Let o(n) be the first derivative of -n**4/2 - 28*n**3 - n**2/2 - 41*n - 2513. What is o(-42)?
1
Let d(l) = l**2 + 106 + 0*l**3 - 113 + l**3. Let b(c) = -28*c**3 + 57*c**2 - c - 2. Let y be b(2). Calculate d(y).
-7
Suppose 0*l = 3*l - 9, 0 = -3*r - 5*l + 21. Let c(p) = 37*p - p**3 - 74*p - 1 + 39*p + p**2 - p**3 + 0*p**3. What is c(r)?
-9
Let n = 82 - 80. Let i(z) = z**3 - z**2 + z - 1. Let m(j) = 5*j**3 - 6*j**2 + 6*j - 5. Let g(s) = -11*i(s) + 2*m(s). Calculate g(n).
-9
Suppose 4029*i = 4022*i + 35. Let f(d) = -d**3 - d - 1. Let b(k) = 5*k**3 - 5*k**2 + 6*k + 5. Let u(p) = -b(p) - 4*f(p). What is u(i)?
-11
Suppose -2496*h + 2489*h + 28 = 0. Let m(d) = -d**3 + 3*d**2 - 3. Calculate m(h).
-19
Suppose 3*v - 2*y - 10 = 0, 0 = 5*v - 0*y - 5*y - 20. Suppose -5*x - k = -5, v*k = 2*x + 1 + 9. Let l(o) = -o + x + o - o + 1. Determine l(3).
-2
Let f(t) be the second derivative of -t**4/12 + 7*t**3/6 - 7*t**2/2 - 35*t. Suppose -358*g + 30 = -353*g. Determine f(g).
-1
Let w(b) = -b**3 - 29*b**2 + 29*b - 28. Let k be 3 + 3 - (-12)/(-6)*18. What is w(k)?
2
Let u(w) = -w + 2*w + 5 + w. Suppose 0 = -297*i - 4600 + 2521. What is u(i)?
-9
Let i(z) = z**2 - 10949*z - 54778. Let o be i(-5). Let h(f) be the second derivative of f**4/12 + 4*f**3/3 - 3*f**2 + f. Give h(o).
-6
Suppose -4*w + 6 = 5*o - 5, -5*o + 14 = w. Let d(r) = -3*r**2 + 13*r - 4 + r**o - 19*r + 6. What is d(4)?
-6
Let l(r) = r - 9. Let d be l(-13). Let g be 5 - (d/18 + (-2)/(-9)). Let i be (g - (8 - 3))*0/1. Let z(m) = m - 7. What is z(i)?
-7
Let c(b) = 2*b**2 + 4*b - 3. Let j = -403 + 407. Let a(w) = 54*w - 215. Let q be a(j). Give c(q).
3
Let r(d) = d**2 + 4*d - 8. Let h(c) be the first derivative of -5*c**4/4 - c**3 + 2*c**2 - 2*c - 170. Let y be h(1). Determine r(y).
4
Let o(f) = -f**3 - 3*f**2 + f - 3. Let p(c) = 2*c**3 + 34*c**2 + 24. Let w be p(-17). Suppose 37*t - 43*t = w. Determine o(t).
9
Let s(l) be the second derivative of -l**4/6 + 14*l**3/3 + 35*l**2/2 + 1760*l - 2. Calculate s(15).
5
Let f = -39 - -42. Suppose f*z = -4*a + 77, 2*z - a = 54 + 12. Suppose -6 = 2*c - 3*u - 1, 0 = -4*c - u - z. Let w(k) = -k**2 - 6*k + 8. What is w(c)?
1
Let v(y) = -y**3 + 3*y**2 - 2*y - 1. Let a be (-288)/(-40) - 7 - 278/(-10). Suppose -7*b + a + 0 = 0. Determine v(b).
-25
Let c be (-8)/(-6)*(-9)/(-2). Let l(n) = n**2 - 13*n + 34. Let m be l(c). Let j(x) = x**3 + 7*x**2 - 8*x - 9. Calculate j(m).
-9
Let q(n) = -6*n + 6*n - 51 + 15*n + n**2 + 0*n. Let s be q(-18). Let i(p) = -17*p**3 + 22 - 27 + 18*p**s - 8*p**2 - 8*p. What is i(9)?
4
Let r = 210 + -208. Let z(h) = 73*h**3 - 74*h**3 + 2*h**2 - 6 - r*h + 5. Give z(2).
-5
Let q(f) be the first derivative of -3*f**5/10 - f**4/24 - 41*f**2/2 + 2*f + 259. Let s(h) be the second derivative of q(h). What is s(-1)?
-17
Let v(u) = -6*u**3 - 3*u**2 - 15*u + 11. Let f(x) = -7*x**3 - x**2 - 16*x + 10. Let q(h) = -5*f(h) + 6*v(h). Determine q(-12).
-8
Let d be (0/1 + 34/(-51))/(1/(-33)). Let c(b) = 10*b**2 - 220*b + 1. What is c(d)?
1
Let r(h) = -13*h**2 + 9*h - 31. Let k(l) = -3*l**2 + 2*l - 7. Let o(i) = 9*k(i) - 2*r(i). Give o(-4).
-17
Let z(y) = 3*y**2 + 4*y**2 - y - 6*y**2. Let w be z(-1). Let c(g) be the first derivative of g**4/4 + g**3 - g**2 + 6. Give c(w).
16
Let h(x) = x**3 - 8*x**2 - 5*x - 5. Let f(a) = a**3 + a - 1. Let m(z) = 2*f(z) - h(z). Suppose 22*r + 148 = -22*r - 160. Determine m(r).
3
Let o = 1 + 1. Suppose g + o = -1. Let n(w) = -21*w**2 + 4*w - 6. Let q(z) = -116*z**2 + 21*z - 35. Let v(r) = -11*n(r) + 2*q(r). Give v(g).
-7
Suppose v - 52 = -3*v. Suppose 5 - v = -s. Let a(u) = -3*u + 5 + s + 0 - 15. Determine a(5).
-17
Let l(z) be the third derivative of z**5/20 + 9*z**4/4 - z**3/6 - 3775*z**2. Calculate l(-17).
-52
Let h(o) = -3 - 10 + 397*o**2 - 398*o**2 - o - 6 - o**3. Give h(0).
-19
Let j(s) = 108807 - 4*s - 108838 + 5*s. Determine j(3).
-28
Let x(c) = -2*c**2 - 11*c - 21. Let v be 33/(-88)*(-40)/15 + -6. Determine x(v).
-16
Let t(j) be the second derivative of -j**4/3 - 5*j**3/6 + 126*j**2 + 15*j. Let s(h) be the first derivative of t(h). Determine s(-7).
51
Let q(u) = -8*u + 17. Let c = -5645 + 5650. Give q(c).
-23
Let n(v) = v + 34. Let b be n(-23). Let o(s) = s - 23. What is o(b)?
-12
Let n(r) be the second derivative of r**5/60 + r**4/2 - 11*r**3/6 + 35*r**2/2 - 73*r. Let k(p) be the first derivative of n(p). What is k(-13)?
2
Suppose -6*m = -43 + 49. Let h = 7 - 7. Let u(x) = h*x - x + x - 3*x. Determine u(m).
3
Let i(y) = 4 - 3*y + 2*y + 0 - y**2. Let p(b) = 6 + 15311*b - 2*b**2 + 2*b**3 + 0*b**2 - 15305*b. Let r be p(-1). What is i(r)?
-8
Let j(n) = n**3 - 6*n**2 + 5*n - 1. Let q = -2 + -5. Let h(o) = -o - 7. Let p(l) = l + 8. Let a(z) = 6*h(z) + 5*p(z). Let d be a(q). Give j(d).
-1
Let z(b) = b**2 + 11*b + 9. Suppose -q + 138 = 6*k - 2*k, -4*k - 4 = 0. Let y = q + -150. Give z(y).
-15
Let z(r) be the third derivative of -r**4/24 - r**3/6 - r**2. Suppose 0 = -34*v + 32*v - 4*t - 48, 5*v + 5*t + 70 = 0. Determine z(v).
3
Let o(k) be the first derivative of -25*k**2/2 - 13*k - 1352. Give o(4).
-113
Let h(d) = -1417 + 4*d + 2*d**2 - d**2 + 709 + 722. Calculate h(-4).
14
Let q(h) = -7*h**3 - h. Let n(f) = 3*f**2 + 10 - f**3 - 42 + 8*f**2 + 14*f + 7. Let c be n(12). Give q(c).
8
Let c(v) = v**2 - 2. Let j = -1507 - -1502. Calculate c(j).
23
Let t = -306 + 313. Let l(q) = -q**3 - q + 3 + 6*q**2 - 4 + t - 12. Let v(p) = -p + 5. Let b be v(0). Calculate l(b).
14
Suppose 3*w + 4 - 244 = 0. Let k be 6 - ((-64)/w)/((-2)/10). Let y be (14/(-4))/(k - (-9)/(-6)). Let j(z) = -z**2 - 7*z + 8. Calculate j(y).
8
Let j(q) = -q**2 - 16*q + 38. Suppose -848*g - 170 = -838*g. What is j(g)?
21
Let m be (5 - (-2 + 4))/(-1). Let k(p) = 3*p - 1. Let s(l) = -2*l + 2. Let x(g) = m*k(g) - 4*s(g). Suppose 391*d + 70 = 381*d. Give x(d).
2
Let m(k) be the second derivative of 7/6*k**3 + 3 + 6*k + 1/2*k**2. Suppose 6*o - 8 = 2*o. Give m(o).
15
Let x(c) = 15*c**2 - c. Let p(s) = -4*s - 18. Let h be p(-10). Suppose 0 = 4*v - 4, v = -2*a + h - 3. Let y = 8 - a. Give x(y).
16
Let g(h) = h - 4. Let n(v) = 11. Let m(k) = 5*g(k) - n(k). Let s be m(4). Let o(z) = 2*z + 14. What is o(s)?
-8
Suppose 3*j + 1 - 3 = -v, 5*j = 3*v - 6. Let l(g) = -2*g**3 - 20 + 0*g**3 + 30 + 3*g**3 + 0*g**3 - 10*g - 8*g**v. Calculate l(9).
1
Let r(t) be the second derivative of -8*t**2 - t - 1/6*t**3 - 138. What is r(-8)?
-8
Let i = 487 - 487. Suppose -5*z + 3*q + 35 = i, 2*z = -3*q - 2*q - 17. Let w(d) = -2*d**2 + 2. Determine w(z).
-30
Suppose 3 = -8*y + 7*y, 1435 = 4*i - y. Let l = -358 + i. Let j(n) = n**2 - n - 12. Give j(l).
-12
Let n(m) = -28*m**2 - 4*m - 3. Let p(a) = 38*a**2 + 6*a + 2. Let j(g) = 4*n(g) + 3*p(g). What is j(0)?
-6
Let v(b) be the third derivative of -b**6/120 - 19*b**5/60 - b**4/24 - 9*b**3/2 + 7*b**2 - 6*b - 6. Calculate v(-19).
-8
Let d(u) be the second derivative of -u - 1/2*u**3 - 1/20*u**5 + 0 - 3/2*u**2 + 5/12*u**4. Suppose -453*w = -3*a - 454*w + 14, a = 5*w - 6. Determine d(a).
1
Let b(v) be the second derivative of v**3/3 + 7*v**2/2 + 188*v. Give b(-21).
-35
Let w = -405 - -405. Suppose q = 4*q. Let a(o) = -3*o + 10 - o + 3*o + q. Give a(w).
10
Let r(u) = -62*u**2 + 78*u - 44. Let z(w) = 14*w**2 - 20*w + 11. Let t(m) = 2*r(m) + 9*z(m). Determine t(11).
-11
Let c(n) = 559*n - 6158. Let a be c(11). Let d(x) = -x - 18. Determine d(a).
-9
Let l(j) = -2*j + 10. Let c(x) = -3*x + 11. Let d(r) = -2*r**2 + 24*r - 26. Let b be d(11). Let a(f) = b*c(f) + 5*l(f). Give a(-5).
-4
Let y(v) = -v**2 - 6*v + 4. Let s be 1031/7 - (-3 - 46/(-14)). Suppose -s = -2*x + 5*p - 0*p, -4*x - p + 283 = 0. Let i = x - 77. Determine y(i).
4
Let w(